n(s) - j(s). Determine i(-9).
12
Let f(x) = 19 + 2*x + 5*x**2 + 10*x**3 + 9*x**2 - 23*x**3 + 14*x**3 - 3*x**2. Calculate f(-11).
-3
Let w(y) = -27*y - 82. Let d(c) = c**3 - 17*c**2 - 58*c - 43. Let z be d(-2). What is w(z)?
-1
Let w(o) be the first derivative of -o**4/4 + 2*o**3 - o**2 + 7*o - 1673. Give w(5).
22
Suppose 3*v = -13*v - v + 289. Let w(j) = -j**3 + 19*j**2 - 36*j + 28. What is w(v)?
-6
Suppose -23 = 4*l - 5*k, k = -15*l + 10*l - 36. Let t(y) = y + 7. Calculate t(l).
0
Let d(a) be the second derivative of -a**4/12 + 3*a**3 - 41*a**2/2 + 991*a. Calculate d(16).
-9
Let o(h) = -h**3 - 1. Let x = -30 - -56. Let l be (-18)/(-117) - 56/x. Let s be (-2 - -3) + (-4 - l). Determine o(s).
0
Let g(h) = -3807791*h + 3807767*h + 2 + 17 - 8 + 15. Determine g(6).
-118
Let q(z) = -2*z + 1. Let x be (-185)/(-35) - 4/14. Suppose x*j = -0*j + 25. Suppose -2*n = 6, 6*m = 2*m - j*n - 23. Determine q(m).
5
Let q(x) = -x**2 + 11*x + 13. Let s = 316 - 260. Suppose 7*c - s = 21. What is q(c)?
13
Let q(c) be the third derivative of 0*c**3 + 16*c**2 - 1/12*c**4 + 0*c - 1/15*c**5 + 0. Determine q(-2).
-12
Let v(n) = n**2 + n + 1. Let h(j) = -4*j**2 + 5*j - 19. Let i(q) = -h(q) - 5*v(q). Suppose -a + 3*o + 4 = 0, -3*a - 2 = -5*o + 6. What is i(a)?
3
Suppose -s - 3*l + 10 = 0, 8 = -2*l + 10. Let u(v) = -2*v + v**2 - 7 + 5 - 4*v - 7. Give u(s).
-2
Let k(p) = 12*p + 105. Suppose 135*d + 3*i = 134*d - 7, 4*d = 5*i - 28. Determine k(d).
21
Let g(o) = -o**3 + 26*o**2 - 23*o - 57. Let f = -1110 + 1135. What is g(f)?
-7
Let c be (-2 + 0 - -2) + (-13 - (8 + -23)). Let q(i) = -17*i + 30. Calculate q(c).
-4
Suppose 0 = -3*b, 2*y - 3*b + 3 = 7. Let i(d) = d + 5*d**3 + 13*d**y - 5*d**2 - 2*d**3 - 2*d**3. Calculate i(-8).
-8
Let p(l) = 3*l**2 + 9 - l**2 - 12 - 3*l + 6*l. Let t be p(-3). Suppose t = 5*x - 2*x. Let j(n) = n**3 + n**2 - 2*n + 1. Calculate j(x).
9
Let o(c) = -c**2 + 7*c + 6. Let r(f) = f**3 - 2*f - 11. Let l be r(0). Let s(y) = y**2 + 6*y - 48. Let x be s(l). Give o(x).
6
Let v(r) = -10*r - 175. Let z be v(-18). Suppose 2*h + 22 = 4*k, 0*h = -4*k - z*h + 1. Let c(m) = -3*m + 9. What is c(k)?
-3
Suppose 2*o + 3*o = 5. Let f be o/((2/(-2))/5). Let s(j) = -j**2 - 96 + 211 - 108 - 3*j. What is s(f)?
-3
Let w = 11968 - 11958. Let m(s) = -s**3 + 22*s**2 - 118*s - 14. What is m(w)?
6
Suppose 0 = 3*p + w - 29, 3*w = -5*p + 60 - 1. Let a(h) = h - 8. Let q be a(9). Let f(o) = 7 + 6 - o - q. Calculate f(p).
5
Let c(t) = t**2 + 15*t + 19. Let x(d) = d - 9. Suppose -2*h - 2 + 4 = -2*v, 0 = 2*h + 2*v + 18. Let k be x(h). What is c(k)?
-7
Let c(w) be the third derivative of -w**7/5040 - w**6/120 + 61*w**5/60 - w**3/6 + 99*w**2. Let a(k) be the third derivative of c(k). Determine a(6).
-12
Suppose -15*o + 3*o + 48 = 0. Let p = -37 + 39. Let x(s) = 15*s**2 + 4 + 15*s**2 - 31*s**p - 1. Calculate x(o).
-13
Let r = 1 - 0. Let s(t) be the first derivative of 0*t - 82 - 1/2*t**2 + 11/3*t**3. Calculate s(r).
10
Let y(d) = -8*d**2 - 7 + 2 + 0*d**2 + d**3. Suppose 4*i - 4*r = 40, -7*i - 31 = -2*r - 91. Give y(i).
-5
Let w(u) = -36*u**3 - 42*u**3 + 120*u**3 + 7*u - 9*u**2 + 13 - 40*u**3 + 2. Give w(5).
75
Let o(h) = 849 + 3*h + 3*h**2 - 6*h - 425 - 423. What is o(2)?
7
Suppose 3*s = -s - 24. Let k(r) = 18 - 33 + 16. Let z(p) = -p**2 - 5*p + 4. Let t(c) = 3*k(c) - z(c). What is t(s)?
5
Let j(c) = -c**3 + 4*c**2 - 3*c + 2. Let s be j(3). Let a(d) = -d**3 + d**2 - 8*d + 7. Let x be a(s). Let z(n) = -n - 13. Determine z(x).
0
Suppose 8*j - 9*j = -2. Let r(i) = -6 - 3*i + 4*i + i**2 - j*i + 10*i. What is r(-10)?
4
Suppose -2*l - 19 = 5*d, 3*d = 5*l + 4*d - 10. Let t(j) = -j**2 + 3 + 2*j**2 + 2*j**2 + j + j**l + 0. Let s = 3747 - 3750. Determine t(s).
0
Let m(p) be the second derivative of -2*p**3/3 - 15*p**2/2 + 8*p. Suppose 0 = -4*s - 4*r - 48, -3*s - 41 = -2*r + 6*r. What is m(s)?
13
Let d(v) = 9 + 0*v**2 - 9 - 5 + v**2 - 6*v - 4. Calculate d(7).
-2
Let f(g) = 9*g**2 + 2*g + 1. Let k(o) = 8 - 6*o + 7*o - o**2 + 7*o. Let a(q) = -13*q + 100. Let t be a(7). Let s be k(t). Determine f(s).
8
Let v(i) = -i**2 + 11*i + 1. Let h(j) = j**2 - 8*j - 1. Let z(l) = -6*h(l) - 5*v(l). What is z(-6)?
7
Let k(h) = 2701*h**2 - h**3 - 5*h + 4*h + 3*h - 12 + 2709*h**2 - 5411*h**2. Give k(-3).
0
Let k = 20 + 7. Suppose 2*i - 2*q = -14, 2*i - k = 5*i - 5*q. Let v(b) = -2 + 122*b - 2 - 126*b - b**2. Determine v(i).
-4
Let u(k) be the second derivative of -5*k**3/6 + 3*k**2/2 + 1684*k. What is u(-5)?
28
Let z(r) = r**2 + 5*r + 9. Let p be (-14)/(-35)*86*5*-1. Let s be (-18)/5 - (p/20 + 9). Determine z(s).
5
Let m(a) be the second derivative of 1/20*a**5 + 1/3*a**3 - a**2 + 0 - 1/4*a**4 + a. Suppose -4*u = 5*t - 38, 2*u + 90 - 112 = -3*t. Determine m(u).
-2
Let u = 7123 - 7146. Let d(p) = p**3 + 22*p**2 - 27*p - 23. What is d(u)?
69
Suppose -102*c + 30*c + 19*c = 159. Let h(s) = -71*s - 191. Calculate h(c).
22
Let u(y) be the second derivative of y**5/20 - y**4/3 - y**3/6 - 2*y**2 - 61*y + 13. Determine u(5).
16
Let w(t) = -t**3 + 20*t**2 + 4*t - 90. Suppose -3*r - 64 = -2*a, 2*a - 9 - 7 = -3*r. What is w(a)?
-10
Let m(b) = 2*b + 6. Suppose -3*s = 3*r - 4*r, 2*r + s - 7 = 0. Let f(l) = l. Let v(q) = r*f(q) - m(q). Let h be 5/25*0 - -7. Give v(h).
1
Let h(r) = 89*r**3 + r**2. Let k = -12439 - -12440. What is h(k)?
90
Let i(l) = -l**2 - 34*l - 92. Let r = 5285 + -5288. Give i(r).
1
Let l(p) = -p**3 + 13*p**2 + 6. Let u be l(13). Let a(c) = 3*c - 2. Let d(q) = -6*q + 4. Let j(z) = 5*a(z) + 3*d(z). What is j(u)?
-16
Let i(q) be the third derivative of q**6/120 + 37*q**5/60 - 5*q**4/3 - 13*q**3 + 28*q**2 + 2*q. Give i(-38).
-2
Let j = -40 + 43. Suppose 67*g - 9 = 64*g. Let z(n) = 3*n - 8*n**2 - 2 + 5*n**2 + g + 2*n**2. What is z(j)?
1
Let x(c) = -4*c**3 - 5*c + 8. Let t(p) = -8*p**2 - 4. Let h be t(0). Let i(k) = 3*k**3 - k**2 + 4*k - 7. Let g(f) = h*x(f) - 5*i(f). Determine g(-4).
19
Let q(c) = c**3 - 17*c**2 + 13*c + 21. Let p be q(16). Let s = -24 - p. Let f(n) = 3*n**3 - 4*n + 5*n - 2*n**2 + 3 - s. Calculate f(1).
2
Let y(w) = 4*w - 17. Let r be (-196)/28 - (-17 + 2). What is y(r)?
15
Suppose 78 - 78 = 4*g. Suppose g = 3*j + 7 + 2. Let r(l) = -l - l**2 - 7 + 5 - 4*l. Give r(j).
4
Let h(m) = m**2 + 3*m + 1. Suppose -310*w - 1005 = -305*w. Let r = 197 + w. What is h(r)?
5
Suppose 9*r - 35 - 23 - 14 = 0. Let q(w) = 2*w**2 - 14*w + 21. Give q(r).
37
Let o(z) = -z + 27. Suppose -2*a + 50 = 7*p - 2*p, -2*p + 4 = 0. What is o(a)?
7
Let i(g) = -g**3 - 6*g**2 - 16*g + 7*g + 10*g. Let q = -48 - -78. Let l = q - 36. Give i(l).
-6
Suppose 8*b + 7*b = -45. Let g be -6*1 - b/(-3)*-2. Let u(y) be the second derivative of -y**3/6 - 5*y**2/2 + 3*y. Determine u(g).
-1
Let w = 535/1776 - -19/592. Let o(z) be the first derivative of -7*z + 4*z**2 + w*z**3 + 31. Give o(-8).
-7
Suppose -5*s = -6*q - 29, -3*s + 6*q - 1 = 7*q. Let d(r) = 10*r**3 + 2*r**2. Calculate d(s).
12
Let o(q) = -19*q + 145. Let i(s) = -6. Let a(x) = 3*i(x) + o(x). Calculate a(7).
-6
Suppose -77*v = -74*v - 6. Let u(i) = -217 - 2*i - v*i + 3*i + 191. Give u(0).
-26
Let x(t) = -t**3 - 5*t**2 - 5*t + 1. Let b = -185 - -46. Let v = -143 - b. Calculate x(v).
5
Let u(c) be the first derivative of -3*c**2/2 - 9*c - 13. Let s be u(-5). Let b(i) = 11*i**2 + s*i**2 - i**3 - 18*i**2 + 15 + i. Calculate b(0).
15
Suppose -9*z - 3800 = -55*z - 49*z. Let x(i) = i**2 - 42*i + 83. Determine x(z).
3
Let r(p) be the second derivative of -10*p**3/3 + 4*p**2 - 56*p + 13. Calculate r(4).
-72
Let x(h) = h**2 + 6*h - 16. Let b be x(-8). Suppose b = s - 8*s + 63. Let t(n) = 8 + 2*n**3 - 2*n - n + 2*n - s + n**2. Give t(-1).
-1
Let n(l) be the third derivative of -l**6/120 - l**5/60 + l**4/24 - 3*l**3 - 29*l**2. Let r be 0*((-90)/105 - 26/(-14)). What is n(r)?
-18
Let h = 0 + 0. Let w(t) = t**2 - 234 + 247 + h*t**2. Give w(0).
13
Let p(t) = t**3 - 9*t**2 - t + 4. Let h(w) be the first derivative of -w**4/4 + 5*w**3 + 33*w**2/2 + 26*w + 21. Let i be h(17). Give p(i).
-5
Let n(x) = -71*x - 68*x + x**2 + 201*x - 69*x - 5. Calculate n(4).
-17
Let r be ((-90)/70 - -1)/((-10)/175). Let d(b) = -53*b + 270. Calculate d(r).
5
Let k(f) be the second derivative of 0 + 0*f**3 - 1/8*f**4 + 21/2*f**2 + 16*f. Let a(w) be the first derivative of k(w). What is a(1)?
-3
Let p(g) = 46*g**2 + 3*g - 2. Le